ctors of m.
3, 7, 29
Let w be 1/(-10) - (-1120106)/260. Suppose 2157 = 2*j - 3*p, 0 = 4*j + 5*p - 17 - w. What are the prime factors of j?
2, 3, 5
Let d be 3/(2 + 1995/(-1002)). Let u be -3 - -2*d/4. Suppose 0 = 7*s + u - 661. List the prime factors of s.
71
Suppose -70*p + 72*p = -h + 5996, p + 12002 = 2*h. What are the prime factors of h?
2, 3, 5
Suppose 70 + 8 = -x - 5*s, 0 = -3*x - s - 220. Let k = 51 + x. Let r = 2 - k. What are the prime factors of r?
2, 3
Suppose 2*k + 4 - 10 = 0. Suppose 4*o - 5*u = 429, -5*o - 2*u = -k*u - 552. Let h = o + -44. What are the prime factors of h?
67
List the prime factors of 2001 + 5*7*(-44)/(-220).
2, 251
Let x(h) = 111*h + 24. Let q be x(5). Let f = 1034 - q. List the prime factors of f.
5, 7, 13
Suppose -11*s - 298 = -67. Let f be (-3 - -4)/(2/(-74)). Let z = s - f. List the prime factors of z.
2
Suppose 59*c - 62*c = -3054. Suppose -5*v = -g + c, -2*v = -3*g + 7*g - 4094. What are the prime factors of g?
3, 11, 31
Let q be (-912 + 5 - 4) + -5. Let i = -383 - q. What are the prime factors of i?
13, 41
Let k = 59 - 49. List the prime factors of ((-21)/7 + k)*438/7.
2, 3, 73
Let n = 9 + 19. Suppose -n = -8*k + k. What are the prime factors of (212/8)/(2/k)?
53
What are the prime factors of 6/((-900)/(-6461870)) + 1 + (-34)/30?
23, 1873
Let l = 3671 + -1454. List the prime factors of l.
3, 739
Let v(s) be the second derivative of 9*s**4/2 - 5*s**3/3 - 5*s**2/2 + 6*s - 3. What are the prime factors of v(-2)?
3, 7, 11
Suppose n - 4*r + 67 - 27 = 0, -170 = 5*n - 5*r. Let p = 36 + n. Suppose p*d + a - 285 = -0*a, d + a - 75 = 0. What are the prime factors of d?
2, 5, 7
Suppose -25*c + 873315 = 110*c. List the prime factors of c.
6469
Let n = -172 - -180. Let i(x) = 2*x**3 - 8*x**2 - 16*x + 4. What are the prime factors of i(n)?
2, 97
Let y be 5/(5/29)*7. Suppose j - 3*c = 207, 3*j - c = 2*j + y. Suppose 3*p + 567 = 5*r - 438, j = r - 2*p. What are the prime factors of r?
3, 67
Let p = 29047 - 17605. List the prime factors of p.
2, 3, 1907
Suppose -3*p = 4*v + 20, 4*v + 6 + 14 = 4*p. Suppose -g - 57 = h - p*g, -112 = 2*h + 3*g. What are the prime factors of (-6)/((-24)/h)*-16?
2, 59
List the prime factors of 184/(-23)*6109/(-8).
41, 149
Let f(r) = 15*r**2 - 6*r + 31. Let q(h) = 31*h**2 - 13*h + 63. Let z(v) = 13*f(v) - 6*q(v). List the prime factors of z(-6).
349
Let r(u) = 3*u**2 + 6*u + 6. Let k(o) = o**3 + 13*o**2 + 2. Let t be k(-13). Suppose t*m - 4*m - 6 = 0. List the prime factors of r(m).
3, 5
Let j = -6496 + 7482. List the prime factors of j.
2, 17, 29
Let d(x) = 5*x**2 + 31*x - 69. List the prime factors of d(-34).
4657
Let r be (-3)/((-18)/154) + 12/(-18). Suppose -5*f = -r, t - 2*f = f + 497. What are the prime factors of t?
2
Suppose -46*f = -43*f - 624. Suppose -4*j + 253 = 2*c + 3*c, 0 = -4*j + 4*c + f. What are the prime factors of j?
3, 19
Let n = 6 + 8. Suppose 14 + n = 7*d. List the prime factors of (d/(-8))/((-3308)/(-1104) + -3).
2, 3, 23
Let g(h) = -h**3 - 7*h**2 - 4*h - 4. Let u(a) = -2*a**2 + 7*a + 22. Let q be u(6). List the prime factors of g(q).
2, 23
Let o(n) = 243*n - 689. What are the prime factors of o(14)?
2713
Let a(r) = 783*r + 1008. What are the prime factors of a(7)?
3, 7, 103
List the prime factors of 892/(-16056) - (-3006542)/36.
5, 16703
Let o(l) = -8*l**3 + 3*l**2 - 3*l + 3. What are the prime factors of o(-5)?
1093
Let k = -120 + 84. Let t be k/(-9) + 2 + -1. Suppose 0 = b - t - 116. What are the prime factors of b?
11
Let x = -3626 + 16254. List the prime factors of x.
2, 7, 11, 41
Suppose 287637 = 19*d - 47865. What are the prime factors of d?
2, 3, 109
Let t(o) = 1468*o + 2943. List the prime factors of t(13).
22027
Let n(p) be the second derivative of 117/2*p**2 + 1/2*p**3 + 0 - 9*p. List the prime factors of n(0).
3, 13
Let w = 4804 - -3949. What are the prime factors of w?
8753
Suppose 14*v + 3*o = 19*v - 9645, -v + 1929 = -o. List the prime factors of v.
3, 643
Suppose -5*s - 2*r = -16678 - 17528, 9 = 3*r. Suppose 23*f - 63*f + s = 0. List the prime factors of f.
3, 19
Let t = 872 + -869. What are the prime factors of (t/((-27)/6))/((-6)/5049)?
3, 11, 17
Suppose 3*q - 6903 = -6*q. Suppose r = 3*d - q, -3*d = 3*r - 2*r - 757. Let h = -112 + d. What are the prime factors of h?
2, 71
Let w be ((-9 - 0) + 3)/((-6)/(-4)). List the prime factors of -838*w/(-8)*-1.
419
Let q(c) = -c**2 - 2*c + 42. Let v be q(0). Suppose 4*g = -10*g + v. Suppose -5*t + 4*m + 943 = 0, -2*m + 532 = g*t - 25. List the prime factors of t.
11, 17
Suppose 7*x - 38*s = -35*s + 36123, -5*s = -x + 5165. What are the prime factors of x?
2, 3, 5, 43
Suppose r + 2*r + 29 = 4*j, -3*r + j - 41 = 0. Let l = r + 19. Suppose -4*d - 5*b + 13 = -83, -2*b + 84 = l*d. What are the prime factors of d?
19
Suppose 0 = j - d + 608, -j - 381 - 230 = -4*d. Let p = 1194 + j. What are the prime factors of p?
587
List the prime factors of (99/27)/((-14)/(-19740)).
2, 5, 11, 47
Suppose 7*a + 3 = 8*a. Suppose 223 = 2*v + 2*x - a*x, 4*v - 455 = -x. What are the prime factors of v?
113
Suppose 179*y - 926180 = 279385. What are the prime factors of y?
3, 5, 449
Let n(s) = -41775*s + 114. What are the prime factors of n(-1)?
3, 13963
List the prime factors of 40938 - -3*3*(-1010)/909.
2, 1279
Suppose 14762 = 17*a + 3423. Suppose -2*i = -3*s + 6*s - 652, 3*s = -5*i + a. List the prime factors of s.
2, 107
Let m be ((-219)/12)/(4/(-16)). Let u = m - -341. What are the prime factors of u?
2, 3, 23
Let t = -242 - -125. Let l = t - -165. List the prime factors of l.
2, 3
Let x = -11264 - -17893. What are the prime factors of x?
7, 947
Let z be (3/(-2))/(192/(-512)). Suppose -z*q + 3334 = -5*t + 793, 3*q - 1914 = t. List the prime factors of q.
3, 71
Suppose -t = -4*v, 0 = -v + 3*v - t. Suppose v = f + 4*a, -3*f - 2 = 5*a - 9. List the prime factors of (-84)/(f + (-22)/4).
2, 7
Let x(d) = 7*d**2 + d - 20. Let f be x(-9). Suppose -354 - f = -4*w. What are the prime factors of w?
223
Suppose -d = a - 1, 3*d - 3*a - 1 = -7*a. Suppose 0 = -d*j - 8*j. List the prime factors of 1/(-1) + -5 + (j - -118).
2, 7
Let z be 42*20 + (-6 - 0). Suppose z = 3*k - 177. What are the prime factors of k?
337
Let d(f) = -f**3 + 18*f**2 - 10*f - 18. Suppose 0 = h - 4*q + q - 16, -4*h - q = -38. List the prime factors of d(h).
2, 11, 31
Let f(z) = -2*z**3 + 13*z**2 + 8*z. Let j be f(7). Suppose 2060 = 5*v - 2*k, 5*v - 5*k + j*k = 2040. What are the prime factors of v?
2, 5, 41
Let z(r) = 230*r**3 + 22*r**2 - 66*r - 6. List the prime factors of z(3).
2, 3, 11, 47
Suppose 7 = -g + 4*d, -g - 3*g + 32 = -4*d. Suppose 29 = -7*b - g. What are the prime factors of (-4*(-47)/(-2))/(b - -5)?
2, 47
Let n = 12148 + -2788. List the prime factors of n.
2, 3, 5, 13
Suppose -18 = -m - 3*m - 2*w, 0 = -2*m + 4*w + 4. Let r(c) = -m*c + 5*c + 18 - 11*c. List the prime factors of r(-10).
2, 59
Suppose 201*m + 120605 = 5*o + 196*m, 48262 = 2*o + 3*m. List the prime factors of o.
5, 193
Let o(z) = 2*z**2 + 12*z - 15. Let x be o(-6). List the prime factors of (-4)/(-20) - ((-18108)/x)/(-4).
2, 151
Let h = -2 + 768. Suppose -h = -3*v + b, -2*v = -0*b + 2*b - 508. List the prime factors of v.
3, 5, 17
Suppose 5*r - 26 = -8*n + 5*n, 4*r - n = 14. Suppose -r*z + 2188 = 3*b - 6*z, -4*z = 8. List the prime factors of b.
2, 7, 13
Let x(i) = -4*i + 1. Let z be x(-15). Let t = -11 - z. Let a = t + 150. What are the prime factors of a?
2, 3, 13
Let c = 15270 + -10254. What are the prime factors of c?
2, 3, 11, 19
Suppose -2*o + 3 = 2*m - 1, -2*m - 4 = -2*o. Suppose -o*r - 85 = 3*r. Let i = r + 81. List the prime factors of i.
2
Let x = -67 + 77. Suppose -3*u - y - 22 = u, -2*y + x = -u. List the prime factors of (u/5)/(6/(-20)).
2
Let z(v) = 17*v**2 - 44*v - 326. What are the prime factors of z(-21)?
5, 1619
Suppose 0 = 5*q - 4*l + 5*l + 2863, 4*l = 4*q + 2276. Let t = q + 825. Suppose -t - 181 = -2*k. What are the prime factors of k?
7, 31
Suppose -5*d + 4777 + 3203 = 0. Suppose -35*p + 2 = -37*p, 4*l - 31 = 3*p. Suppose l*s - 13*s = -d. List the prime factors of s.
2, 7, 19
Let u = -9070 - -12575. List the prime factors of u.
5, 701
Let l(b) be the second derivative of 43*b**5/20 + b**4/6 + b**3/3 - b**2/2 - 123*b + 2. What are the prime factors of l(3)?
2, 37
Suppose 3*t - 3*